ivided by 1838.
1742
What is the remainder when 47405746 is divided by 1374?
1372
Calculate the remainder when 1282728 is divided by 600.
528
What is the remainder when 8303871 is divided by 45?
21
Calculate the remainder when 410132 is divided by 928.
884
What is the remainder when 1284046 is divided by 2939?
2642
What is the remainder when 19854524 is divided by 2152?
172
Calculate the remainder when 131371 is divided by 15765.
5251
What is the remainder when 1992421 is divided by 1992383?
38
What is the remainder when 49525 is divided by 505?
35
Calculate the remainder when 238590 is divided by 8439.
2298
Calculate the remainder when 9718327 is divided by 128.
55
What is the remainder when 136242 is divided by 126?
36
Calculate the remainder when 750466 is divided by 13401.
10
Calculate the remainder when 18726196 is divided by 1040344.
4
Calculate the remainder when 27886149 is divided by 254.
251
What is the remainder when 458096 is divided by 15269?
26
What is the remainder when 180568747 is divided by 12037916?
7
Calculate the remainder when 122917 is divided by 9448.
93
Calculate the remainder when 62033 is divided by 6337.
5000
What is the remainder when 17883418 is divided by 882?
868
Calculate the remainder when 114102413 is divided by 16.
13
Calculate the remainder when 59843 is divided by 3996.
3899
Calculate the remainder when 2253113 is divided by 71.
70
What is the remainder when 42589401 is divided by 71?
51
What is the remainder when 7580341 is divided by 613?
596
Calculate the remainder when 522174568 is divided by 445.
443
Calculate the remainder when 652082 is divided by 1071.
914
Calculate the remainder when 35900811 is divided by 1795040.
11
What is the remainder when 193681322 is divided by 99?
98
What is the remainder when 3296126 is divided by 235413?
344
What is the remainder when 3781492 is divided by 1239?
64
Calculate the remainder when 93577 is divided by 521.
318
What is the remainder when 1811472 is divided by 106556?
20
Calculate the remainder when 677259 is divided by 559.
310
Calculate the remainder when 308512 is divided by 1095.
817
What is the remainder when 67467 is divided by 22474?
45
What is the remainder when 5804482 is divided by 3104?
2
What is the remainder when 36996 is divided by 3513?
1866
What is the remainder when 3573960 is divided by 67433?
11
Calculate the remainder when 726799 is divided by 363394.
11
Calculate the remainder when 131366276 is divided by 54194.
20
What is the remainder when 15379932 is divided by 50?
32
What is the remainder when 1305923 is divided by 303?
296
What is the remainder when 4141280 is divided by 1380397?
89
Calculate the remainder when 2369635 is divided by 44702.
429
Calculate the remainder when 362064 is divided by 35964.
2424
What is the remainder when 31643228 is divided by 269?
220
Calculate the remainder when 35541077 is divided by 1974504.
5
Calculate the remainder when 9661125 is divided by 52506.
21
Calculate the remainder when 111624 is divided by 55429.
766
What is the remainder when 59493887 is divided by 19831294?
5
What is the remainder when 779192 is divided by 974?
966
Calculate the remainder when 324224 is divided by 4502.
80
Calculate the remainder when 22484817 is divided by 30.
27
What is the remainder when 210273 is divided by 35024?
129
Calculate the remainder when 677828 is divided by 67781.
18
What is the remainder when 3074421 is divided by 1016?
5
What is the remainder when 23708330 is divided by 7902776?
2
Calculate the remainder when 39055024 is divided by 3844.
3828
Calculate the remainder when 850641756 is divided by 82.
78
Calculate the remainder when 1062603 is divided by 30360.
3
Calculate the remainder when 3223 is divided by 348.
91
Calculate the remainder when 55553634 is divided by 322.
262
What is the remainder when 65876019 is divided by 102?
33
Calculate the remainder when 319649 is divided by 106498.
155
Calculate the remainder when 818934 is divided by 163782.
24
What is the remainder when 1185120 is divided by 271?
37
Calculate the remainder when 1735751 is divided by 115715.
26
What is the remainder when 123891 is divided by 93?
15
What is the remainder when 75396 is divided by 163?
90
What is the remainder when 4431569 is divided by 30?
29
Calculate the remainder when 219830174 is divided by 496.
494
What is the remainder when 566792 is divided by 124?
112
What is the remainder when 182380 is divided by 32?
12
Calculate the remainder when 3510391 is divided by 585064.
7
What is the remainder when 254197 is divided by 9076?
69
Calculate the remainder when 5324407 is divided by 76.
75
What is the remainder when 50066530 is divided by 23?
15
Calculate the remainder when 8931127 is divided by 29.
26
What is the remainder when 115395 is divided by 16402?
581
What is the remainder when 277425 is divided by 22038?
12969
Calculate the remainder when 318893 is divided by 36.
5
What is the remainder when 2433321 is divided by 187176?
33
What is the remainder when 2560210 is divided by 48305?
45
Calculate the remainder when 794427 is divided by 4757.
8
Calculate the remainder when 204469401 is divided by 1649.
1646
What is the remainder when 18149393 is divided by 2016596?
29
What is the remainder when 1515752 is divided by 189453?
128
Calculate the remainder when 227021 is divided by 74282.
4175
Calculate the remainder when 1336916 is divided by 37.
32
What is the remainder when 305442 is divided by 15245?
542
What is the remainder when 108852 is divided by 322?
16
What is the remainder when 65806874 is divided by 1430584?
10
Calculate the remainder when 2201 is divided by 1159.
1042
What is the remainder when 5594409 is divided by 1554?
9
Calculate the remainder when 10373227 is divided by 943020.
7
Calculate the remainder when 193602 is divided by 96698.
206
Calculate the remainder when 10280 is divided by 2076.
1976
Calculate the remainder when 11220 is divided by 5223.
774
Calculate the remainder when 153787736 is divided by 5748.
5744
What is the remainder when 730240 is divided by 4213?
1391
Calculate the remainder when 181701 is divided by 9148.
7889
What is the remainder when 200549 is divided by 849?
185
Calculate the remainder when 2203554 is divided by 1319.
824
Calculate the remainder when 3959837 is divided by 249.
239
Calculate the remainder when 794456 is divided by 461.
153
What is the remainder when 3994092 is divided by 159761?
67
What is the remainder when 678879 is divided by 18?
9
Calculate the remainder when 5183631 is divided by 633.
627
Calculate the remainder when 5277791 is divided by 54.
47
What is the remainder when 74152481 is divided by 37076237?
7
What is the remainder when 12239847 is divided by 299?
282
What is the remainder when 9199099 is divided by 23?
19
What is the remainder when 237969 is divided by 39188?
2841
Calculate the remainder when 12580619 is divided by 52.
51
What is the remainder when 1353463 is divided by 30759?
67
What is the remainder when 29898 is divided by 8688?
3834
Calculate the remainder when 14774479 is divided by 196.
195
Calculate the remainder when 182438 is divided by 5229.
4652
Calculate the remainder when 47118445 is divided by 465.
460
Calculate the remainder when 341562535 is divided by 284.
279
Calculate the remainder when 141753103 is divided by 555.
553
Calculate the remainder when 1168855 is divided by 7.
2
What is the remainder when 160985 is divided by 156335?
4650
What is the remainder when 477599 is divided by 4216?
1191
What is the remainder when 76497496 is divided by 33?
31
What is the remainder when 13598660 is divided by 344?
340
Calculate the remainder when 33008265 is divided by 143.
4
Calculate the remainder when 30130 is divided by 1129.
776
Calculate the remainder when 7142850 is divided by 166112.
34
What is the remainder when 2196561 is divided by 360?
201
Calculate the remainder when 1596499 is divided by 2609.
2400
Calculate the remainder when 10912982 is divided by 232191.
5
Calculate the remainder when 184989 is divided by 2609.
2359
What is the remainder when 20481 is divided by 20255?
226
Calculate the remainder when 3304795 is divided by 375.
295
What is the remainder when 7669043 is divided by 1533781?
138
What is the remainde